{"version":"1.0","provider_name":"SophiA 4 Africa","provider_url":"https:\/\/sophia4africa.eu\/fr\/","author_name":"p.devernati@iifiir.org","author_url":"https:\/\/sophia4africa.eu\/fr\/author\/p-devernatiiifiir-org\/","title":"SophiA participe \u00e0 l'exposition SIFA - SophiA 4 Africa","type":"rich","width":600,"height":338,"html":"<blockquote class=\"wp-embedded-content\" data-secret=\"d14CCAmTPE\"><a href=\"https:\/\/sophia4africa.eu\/fr\/events\/le-projet-sophia-participera-au-salon-sifa\/\">SophiA participe \u00e0 l&rsquo;exposition SIFA<\/a><\/blockquote><iframe sandbox=\"allow-scripts\" security=\"restricted\" src=\"https:\/\/sophia4africa.eu\/fr\/events\/le-projet-sophia-participera-au-salon-sifa\/embed\/#?secret=d14CCAmTPE\" width=\"600\" height=\"338\" title=\"\u00ab\u00a0SophiA participe \u00e0 l&rsquo;exposition SIFA\u00a0\u00bb &#8212; SophiA 4 Africa\" data-secret=\"d14CCAmTPE\" frameborder=\"0\" marginwidth=\"0\" marginheight=\"0\" scrolling=\"no\" class=\"wp-embedded-content\"><\/iframe><script>\n\/*! This file is auto-generated *\/\n!function(d,l){\"use strict\";l.querySelector&&d.addEventListener&&\"undefined\"!=typeof URL&&(d.wp=d.wp||{},d.wp.receiveEmbedMessage||(d.wp.receiveEmbedMessage=function(e){var t=e.data;if((t||t.secret||t.message||t.value)&&!\/[^a-zA-Z0-9]\/.test(t.secret)){for(var s,r,n,a=l.querySelectorAll('iframe[data-secret=\"'+t.secret+'\"]'),o=l.querySelectorAll('blockquote[data-secret=\"'+t.secret+'\"]'),c=new RegExp(\"^https?:$\",\"i\"),i=0;i<o.length;i++)o[i].style.display=\"none\";for(i=0;i<a.length;i++)s=a[i],e.source===s.contentWindow&&(s.removeAttribute(\"style\"),\"height\"===t.message?(1e3<(r=parseInt(t.value,10))?r=1e3:~~r<200&&(r=200),s.height=r):\"link\"===t.message&&(r=new URL(s.getAttribute(\"src\")),n=new URL(t.value),c.test(n.protocol))&&n.host===r.host&&l.activeElement===s&&(d.top.location.href=t.value))}},d.addEventListener(\"message\",d.wp.receiveEmbedMessage,!1),l.addEventListener(\"DOMContentLoaded\",function(){for(var e,t,s=l.querySelectorAll(\"iframe.wp-embedded-content\"),r=0;r<s.length;r++)(t=(e=s[r]).getAttribute(\"data-secret\"))||(t=Math.random().toString(36).substring(2,12),e.src+=\"#?secret=\"+t,e.setAttribute(\"data-secret\",t)),e.contentWindow.postMessage({message:\"ready\",secret:t},\"*\")},!1)))}(window,document);\n\/\/# sourceURL=https:\/\/sophia4africa.eu\/wp-includes\/js\/wp-embed.min.js\n<\/script>\n","thumbnail_url":"https:\/\/sophia4africa.eu\/wp-content\/uploads\/2022\/06\/sifa-2022.png","thumbnail_width":1024,"thumbnail_height":341,"description":"Le SIFA est un rendez-vous annuel important du secteur du froid industriel et commercial, qui comprend des expositions, mais aussi des conf\u00e9rences d\u00e9di\u00e9es \u00e0 des probl\u00e9matiques concr\u00e8tes relatives au froid, \u00e0 la climatisation et \u00e0 la thermodynamique. Le projet SophiA sera promu dans le stand de l&rsquo;IIR avec l&rsquo;AFF, l&rsquo;Association Fran\u00e7aise du Froid. En savoir&hellip;"}

SophiA participe à l'exposition SIFA - SophiA 4 Africa

<blockquote class="wp-embedded-content" data-secret="d14CCAmTPE"><a href="https://sophia4africa.eu/fr/events/le-projet-sophia-participera-au-salon-sifa/">SophiA participe à l&rsquo;exposition SIFA</a></blockquote><iframe sandbox="allow-scripts" security="restricted" src="https://sophia4africa.eu/fr/events/le-projet-sophia-participera-au-salon-sifa/embed/#?secret=d14CCAmTPE" width="600" height="338" title="« SophiA participe à l&rsquo;exposition SIFA » &#8212; SophiA 4 Africa" data-secret="d14CCAmTPE" frameborder="0" marginwidth="0" marginheight="0" scrolling="no" class="wp-embedded-content"></iframe><script>
/*! This file is auto-generated */
!function(d,l){"use strict";l.querySelector&&d.addEventListener&&"undefined"!=typeof URL&&(d.wp=d.wp||{},d.wp.receiveEmbedMessage||(d.wp.receiveEmbedMessage=function(e){var t=e.data;if((t||t.secret||t.message||t.value)&&!/[^a-zA-Z0-9]/.test(t.secret)){for(var s,r,n,a=l.querySelectorAll('iframe[data-secret="'+t.secret+'"]'),o=l.querySelectorAll('blockquote[data-secret="'+t.secret+'"]'),c=new RegExp("^https?:$","i"),i=0;i<o.length;i++)o[i].style.display="none";for(i=0;i<a.length;i++)s=a[i],e.source===s.contentWindow&&(s.removeAttribute("style"),"height"===t.message?(1e3<(r=parseInt(t.value,10))?r=1e3:~~r<200&&(r=200),s.height=r):"link"===t.message&&(r=new URL(s.getAttribute("src")),n=new URL(t.value),c.test(n.protocol))&&n.host===r.host&&l.activeElement===s&&(d.top.location.href=t.value))}},d.addEventListener("message",d.wp.receiveEmbedMessage,!1),l.addEventListener("DOMContentLoaded",function(){for(var e,t,s=l.querySelectorAll("iframe.wp-embedded-content"),r=0;r<s.length;r++)(t=(e=s[r]).getAttribute("data-secret"))||(t=Math.random().toString(36).substring(2,12),e.src+="#?secret="+t,e.setAttribute("data-secret",t)),e.contentWindow.postMessage({message:"ready",secret:t},"*")},!1)))}(window,document);
//# sourceURL=https://sophia4africa.eu/wp-includes/js/wp-embed.min.js
</script>

Le SIFA est un rendez-vous annuel important du secteur du froid industriel et commercial, qui comprend des expositions, mais aussi des conférences dédiées à des problématiques concrètes relatives au froid, à la climatisation et à la thermodynamique. Le projet SophiA sera promu dans le stand de l&rsquo;IIR avec l&rsquo;AFF, l&rsquo;Association Française du Froid. En savoir&hellip;
