{"version":"1.0","provider_name":"SophiA 4 Africa","provider_url":"https:\/\/sophia4africa.eu\/fr\/","author_name":"Francisca Rodriguez","author_url":"https:\/\/sophia4africa.eu\/fr\/author\/f-rodriguez\/","title":"Sophia \u00e0 travers l'Italie, Nice et la Tunisie - SophiA 4 Africa","type":"rich","width":600,"height":338,"html":"<blockquote class=\"wp-embedded-content\" data-secret=\"jLeMj4oHHT\"><a href=\"https:\/\/sophia4africa.eu\/fr\/2025\/06\/16\/sophia-a-travers-litalie-nice-et-la-tunisie\/\">Sophia \u00e0 travers l&rsquo;Italie, Nice et la Tunisie<\/a><\/blockquote><iframe sandbox=\"allow-scripts\" security=\"restricted\" src=\"https:\/\/sophia4africa.eu\/fr\/2025\/06\/16\/sophia-a-travers-litalie-nice-et-la-tunisie\/embed\/#?secret=jLeMj4oHHT\" width=\"600\" height=\"338\" title=\"\u00ab\u00a0Sophia \u00e0 travers l&rsquo;Italie, Nice et la Tunisie\u00a0\u00bb &#8212; SophiA 4 Africa\" data-secret=\"jLeMj4oHHT\" frameborder=\"0\" marginwidth=\"0\" marginheight=\"0\" scrolling=\"no\" class=\"wp-embedded-content\"><\/iframe><script>\n\/*! This file is auto-generated *\/\n!function(d,l){\"use strict\";l.querySelector&&d.addEventListener&&\"undefined\"!=typeof URL&&(d.wp=d.wp||{},d.wp.receiveEmbedMessage||(d.wp.receiveEmbedMessage=function(e){var t=e.data;if((t||t.secret||t.message||t.value)&&!\/[^a-zA-Z0-9]\/.test(t.secret)){for(var s,r,n,a=l.querySelectorAll('iframe[data-secret=\"'+t.secret+'\"]'),o=l.querySelectorAll('blockquote[data-secret=\"'+t.secret+'\"]'),c=new RegExp(\"^https?:$\",\"i\"),i=0;i<o.length;i++)o[i].style.display=\"none\";for(i=0;i<a.length;i++)s=a[i],e.source===s.contentWindow&&(s.removeAttribute(\"style\"),\"height\"===t.message?(1e3<(r=parseInt(t.value,10))?r=1e3:~~r<200&&(r=200),s.height=r):\"link\"===t.message&&(r=new URL(s.getAttribute(\"src\")),n=new URL(t.value),c.test(n.protocol))&&n.host===r.host&&l.activeElement===s&&(d.top.location.href=t.value))}},d.addEventListener(\"message\",d.wp.receiveEmbedMessage,!1),l.addEventListener(\"DOMContentLoaded\",function(){for(var e,t,s=l.querySelectorAll(\"iframe.wp-embedded-content\"),r=0;r<s.length;r++)(t=(e=s[r]).getAttribute(\"data-secret\"))||(t=Math.random().toString(36).substring(2,12),e.src+=\"#?secret=\"+t,e.setAttribute(\"data-secret\",t)),e.contentWindow.postMessage({message:\"ready\",secret:t},\"*\")},!1)))}(window,document);\n\/\/# sourceURL=https:\/\/sophia4africa.eu\/wp-includes\/js\/wp-embed.min.js\n<\/script>\n","thumbnail_url":"https:\/\/sophia4africa.eu\/wp-content\/uploads\/2025\/06\/Sans-titre.jpg","thumbnail_width":807,"thumbnail_height":409,"description":"Apr\u00e8s avoir particip\u00e9 \u00e0 la r\u00e9union de projet (10-11 juin) du projet AGRI-COOL \u00e0 Vicenza, l&rsquo;\u00e9quipe de l&rsquo;IIR s&rsquo;est rendue \u00e0 Milan pour participer \u00e0 la 22e conf\u00e9rence europ\u00e9enne, organis\u00e9e par le Centro Studi Galileo les 12 et 13 juin 2025 \u00e0 Milan, en Italie. Cet \u00e9v\u00e9nement de renomm\u00e9e internationale a rassembl\u00e9 des experts, des&hellip;"}

Sophia à travers l'Italie, Nice et la Tunisie - SophiA 4 Africa

<blockquote class="wp-embedded-content" data-secret="jLeMj4oHHT"><a href="https://sophia4africa.eu/fr/2025/06/16/sophia-a-travers-litalie-nice-et-la-tunisie/">Sophia à travers l&rsquo;Italie, Nice et la Tunisie</a></blockquote><iframe sandbox="allow-scripts" security="restricted" src="https://sophia4africa.eu/fr/2025/06/16/sophia-a-travers-litalie-nice-et-la-tunisie/embed/#?secret=jLeMj4oHHT" width="600" height="338" title="« Sophia à travers l&rsquo;Italie, Nice et la Tunisie » &#8212; SophiA 4 Africa" data-secret="jLeMj4oHHT" frameborder="0" marginwidth="0" marginheight="0" scrolling="no" class="wp-embedded-content"></iframe><script>
/*! This file is auto-generated */
!function(d,l){"use strict";l.querySelector&&d.addEventListener&&"undefined"!=typeof URL&&(d.wp=d.wp||{},d.wp.receiveEmbedMessage||(d.wp.receiveEmbedMessage=function(e){var t=e.data;if((t||t.secret||t.message||t.value)&&!/[^a-zA-Z0-9]/.test(t.secret)){for(var s,r,n,a=l.querySelectorAll('iframe[data-secret="'+t.secret+'"]'),o=l.querySelectorAll('blockquote[data-secret="'+t.secret+'"]'),c=new RegExp("^https?:$","i"),i=0;i<o.length;i++)o[i].style.display="none";for(i=0;i<a.length;i++)s=a[i],e.source===s.contentWindow&&(s.removeAttribute("style"),"height"===t.message?(1e3<(r=parseInt(t.value,10))?r=1e3:~~r<200&&(r=200),s.height=r):"link"===t.message&&(r=new URL(s.getAttribute("src")),n=new URL(t.value),c.test(n.protocol))&&n.host===r.host&&l.activeElement===s&&(d.top.location.href=t.value))}},d.addEventListener("message",d.wp.receiveEmbedMessage,!1),l.addEventListener("DOMContentLoaded",function(){for(var e,t,s=l.querySelectorAll("iframe.wp-embedded-content"),r=0;r<s.length;r++)(t=(e=s[r]).getAttribute("data-secret"))||(t=Math.random().toString(36).substring(2,12),e.src+="#?secret="+t,e.setAttribute("data-secret",t)),e.contentWindow.postMessage({message:"ready",secret:t},"*")},!1)))}(window,document);
//# sourceURL=https://sophia4africa.eu/wp-includes/js/wp-embed.min.js
</script>

Après avoir participé à la réunion de projet (10-11 juin) du projet AGRI-COOL à Vicenza, l&rsquo;équipe de l&rsquo;IIR s&rsquo;est rendue à Milan pour participer à la 22e conférence européenne, organisée par le Centro Studi Galileo les 12 et 13 juin 2025 à Milan, en Italie. Cet événement de renommée internationale a rassemblé des experts, des&hellip;
